{"id":5,"date":"2020-01-13T11:17:52","date_gmt":"2020-01-13T11:17:52","guid":{"rendered":"https:\/\/demosites.io\/web-agency-gb\/?page_id=5"},"modified":"2022-10-12T12:26:19","modified_gmt":"2022-10-12T10:26:19","slug":"15c42-web-agency-gb-home","status":"publish","type":"page","link":"http:\/\/trekab.se\/","title":{"rendered":"Hem"},"content":{"rendered":"\n<div class=\"wp-block-cover alignfull has-background-dim-60 has-nv-site-bg-background-color has-background-dim has-parallax\" style=\"background-image:url(http:\/\/trekab.se\/wp-content\/uploads\/2021\/03\/8H9A6528-2.jpg);min-height:662px\"><div class=\"wp-block-cover__inner-container\">\n<p><\/p>\n\n\n\n<div class=\"wp-block-image\"><figure class=\"aligncenter size-large is-resized\"><a href=\"http:\/\/trekab.se\/wp-content\/uploads\/2021\/02\/cropped-trekab1200.png\"><img loading=\"lazy\" src=\"http:\/\/trekab.se\/wp-content\/uploads\/2021\/02\/cropped-trekab1200-1024x589.png\" alt=\"\" class=\"wp-image-806\" width=\"468\" height=\"270\" srcset=\"http:\/\/trekab.se\/wp-content\/uploads\/2021\/02\/cropped-trekab1200-1024x589.png 1024w, http:\/\/trekab.se\/wp-content\/uploads\/2021\/02\/cropped-trekab1200-300x173.png 300w, http:\/\/trekab.se\/wp-content\/uploads\/2021\/02\/cropped-trekab1200-768x442.png 768w, http:\/\/trekab.se\/wp-content\/uploads\/2021\/02\/cropped-trekab1200.png 1200w\" sizes=\"(max-width: 468px) 100vw, 468px\" \/><\/a><\/figure><\/div>\n\n\n\n<p><\/p>\n<\/div><\/div>\n\n\n\n<div style=\"height:90px\" aria-hidden=\"true\" class=\"wp-block-spacer\"><\/div>\n\n\n\n<div class=\"wp-block-group\"><div class=\"wp-block-group__inner-container\">\n<div class=\"wp-block-columns are-vertically-aligned-center\">\n<div class=\"wp-block-column is-vertically-aligned-center\" style=\"flex-basis:100%\">\n<div class=\"wp-block-columns\">\n<div class=\"wp-block-column\">\n<div style=\"height:30px\" aria-hidden=\"true\" class=\"wp-block-spacer\"><\/div>\n\n\n\n<div class=\"wp-block-image icon-style is-style-rounded\"><figure class=\"aligncenter size-large is-resized\"><img loading=\"lazy\" src=\"https:\/\/s33834.pcdn.co\/wp-content\/uploads\/2020\/12\/check-solid-1.svg\" alt=\"\" width=\"64\" height=\"64\"\/><\/figure><\/div>\n\n\n\n<h3 class=\"has-text-align-center has-neve-text-color-color has-text-color\">Kunskap<\/h3>\n\n\n\n<p class=\"has-text-align-center\"><\/p>\n\n\n\n<div style=\"height:30px\" aria-hidden=\"true\" class=\"wp-block-spacer\"><\/div>\n\n\n\n<div style=\"height:20px\" aria-hidden=\"true\" class=\"wp-block-spacer\"><\/div>\n<\/div>\n\n\n\n<div class=\"wp-block-column\">\n<div style=\"height:30px\" aria-hidden=\"true\" class=\"wp-block-spacer\"><\/div>\n\n\n\n<div class=\"wp-block-image icon-style is-style-rounded\"><figure class=\"aligncenter size-large is-resized\"><img loading=\"lazy\" src=\"https:\/\/s33834.pcdn.co\/wp-content\/uploads\/2020\/12\/check-solid-1.svg\" alt=\"\" width=\"64\" height=\"64\"\/><\/figure><\/div>\n\n\n\n<h3 class=\"has-text-align-center has-neve-text-color-color has-text-color\">Kompetens<\/h3>\n\n\n\n<p class=\"has-text-align-center\"><\/p>\n\n\n\n<div style=\"height:30px\" aria-hidden=\"true\" class=\"wp-block-spacer\"><\/div>\n\n\n\n<div style=\"height:20px\" aria-hidden=\"true\" class=\"wp-block-spacer\"><\/div>\n<\/div>\n\n\n\n<div class=\"wp-block-column\">\n<div style=\"height:30px\" aria-hidden=\"true\" class=\"wp-block-spacer\"><\/div>\n\n\n\n<div class=\"wp-block-image icon-style is-style-rounded\"><figure class=\"aligncenter size-large is-resized\"><img loading=\"lazy\" src=\"https:\/\/s33834.pcdn.co\/wp-content\/uploads\/2020\/12\/check-solid-1.svg\" alt=\"\" width=\"64\" height=\"64\"\/><\/figure><\/div>\n\n\n\n<h3 class=\"has-text-align-center has-neve-text-color-color has-text-color\">Kreativitet<\/h3>\n\n\n\n<p class=\"has-text-align-center\"><\/p>\n\n\n\n<div style=\"height:30px\" aria-hidden=\"true\" class=\"wp-block-spacer\"><\/div>\n<\/div>\n<\/div>\n\n\n\n<div class=\"wp-block-columns\">\n<div class=\"wp-block-column\" style=\"flex-basis:100%\">\n<p class=\"has-text-align-center\">TreK Consulting erbjuder tj\u00e4nster inom&nbsp;aff\u00e4rs-, ledar- och&nbsp;verksamhetsutveckling, vi jobbar dessutom med utbildningsuppdrag. Vi arbetar alltid med utg\u00e5ngspunkt i v\u00e5ra uppdragsgivares m\u00e5ls\u00e4ttning och kultur. Med genuint engagemang, evidensbaserad kunskap och resultatfokus hj\u00e4lper vi er att utvecklas och n\u00e5 era m\u00e5l.<\/p>\n<\/div>\n<\/div>\n\n\n\n<div style=\"height:113px\" aria-hidden=\"true\" class=\"wp-block-spacer\"><\/div>\n\n\n\n<div class=\"wp-block-media-text alignwide is-stacked-on-mobile is-vertically-aligned-center has-neve-link-hover-color-background-color has-background\"><figure class=\"wp-block-media-text__media\"><img loading=\"lazy\" width=\"1000\" height=\"1000\" src=\"http:\/\/trekab.se\/wp-content\/uploads\/2021\/03\/8H9A6562-2.jpg\" alt=\"\" class=\"wp-image-1215 size-full\" srcset=\"http:\/\/trekab.se\/wp-content\/uploads\/2021\/03\/8H9A6562-2.jpg 1000w, http:\/\/trekab.se\/wp-content\/uploads\/2021\/03\/8H9A6562-2-300x300.jpg 300w, http:\/\/trekab.se\/wp-content\/uploads\/2021\/03\/8H9A6562-2-150x150.jpg 150w, http:\/\/trekab.se\/wp-content\/uploads\/2021\/03\/8H9A6562-2-768x768.jpg 768w\" sizes=\"(max-width: 1000px) 100vw, 1000px\" \/><\/figure><div class=\"wp-block-media-text__content\">\n<blockquote class=\"wp-block-quote has-text-align-center is-style-default\"><p><span class=\"has-inline-color has-nv-site-bg-color\">&#8221;Jag brinner f\u00f6r utveckling av verksamheter och individer. Utveckling f\u00f6ruts\u00e4tter f\u00f6r\u00e4ndring och f\u00f6r framg\u00e5ngsrikt resultat m\u00e5ste vi se till att samspelet mellan struktur och m\u00e4nniskor fungerar.&#8221;<\/span><\/p><cite><span class=\"has-inline-color has-nv-site-bg-color\"><em>Karin Dahlgren<\/em><\/span><\/cite><\/blockquote>\n\n\n\n<p class=\"has-text-align-center\"><\/p>\n<\/div><\/div>\n\n\n\n<div style=\"height:90px\" aria-hidden=\"true\" class=\"wp-block-spacer\"><\/div>\n\n\n\n<div class=\"wp-block-columns\"><\/div>\n<\/div>\n<\/div>\n<\/div><\/div>\n\n\n\n<div class=\"wp-block-cover alignfull has-neve-link-color-background-color has-background-dim\" style=\"min-height:784px\"><div class=\"wp-block-cover__inner-container\">\n<div style=\"height:60px\" aria-hidden=\"true\" class=\"wp-block-spacer\"><\/div>\n\n\n\n<div class=\"wp-block-group\"><div class=\"wp-block-group__inner-container\">\n<div class=\"wp-block-columns are-vertically-aligned-center\">\n<div class=\"wp-block-column is-vertically-aligned-center\">\n<figure class=\"wp-block-image size-large is-style-default\"><a href=\"http:\/\/trekab.se\/wp-content\/uploads\/2022\/01\/Samtalsledarens_roll_Karin_hero-3.jpg\"><img loading=\"lazy\" width=\"1000\" height=\"1000\" src=\"http:\/\/trekab.se\/wp-content\/uploads\/2022\/01\/Samtalsledarens_roll_Karin_hero-3.jpg\" alt=\"\" class=\"wp-image-1281\" srcset=\"http:\/\/trekab.se\/wp-content\/uploads\/2022\/01\/Samtalsledarens_roll_Karin_hero-3.jpg 1000w, http:\/\/trekab.se\/wp-content\/uploads\/2022\/01\/Samtalsledarens_roll_Karin_hero-3-300x300.jpg 300w, http:\/\/trekab.se\/wp-content\/uploads\/2022\/01\/Samtalsledarens_roll_Karin_hero-3-150x150.jpg 150w, http:\/\/trekab.se\/wp-content\/uploads\/2022\/01\/Samtalsledarens_roll_Karin_hero-3-768x768.jpg 768w\" sizes=\"(max-width: 1000px) 100vw, 1000px\" \/><\/a><\/figure>\n\n\n\n<div style=\"height:30px\" aria-hidden=\"true\" class=\"wp-block-spacer\"><\/div>\n<\/div>\n\n\n\n<div class=\"wp-block-column is-vertically-aligned-center\">\n<h2 class=\"has-text-align-left has-nv-site-bg-color has-text-color\">Samtalsledning<\/h2>\n\n\n\n<p class=\"has-text-align-left\"><span class=\"has-inline-color has-nv-site-bg-color\">Bra och viktiga m\u00f6ten beh\u00f6ver ha ett tydligt syfte. Genom trygghet och att variera energin i m\u00f6tet skapas vilja till att bidra. Vi hj\u00e4lper er att designa och leda m\u00f6ten, workshops och konferenser. V\u00e5rt m\u00e5l \u00e4r alltid att man g\u00e5r ifr\u00e5n m\u00f6tet med mer energi \u00e4n vad man hade n\u00e4r man gick dit.<\/span><\/p>\n\n\n\n<div style=\"height:30px\" aria-hidden=\"true\" class=\"wp-block-spacer\"><\/div>\n\n\n\n<p><\/p>\n<\/div>\n<\/div>\n\n\n\n<p><\/p>\n<\/div><\/div>\n<\/div><\/div>\n\n\n\n<div style=\"height:30px\" aria-hidden=\"true\" class=\"wp-block-spacer\"><\/div>\n\n\n\n<div class=\"wp-block-columns are-vertically-aligned-center\">\n<div class=\"wp-block-column is-vertically-aligned-center\">\n<div style=\"height:50px\" aria-hidden=\"true\" class=\"wp-block-spacer\"><\/div>\n\n\n\n<h2 class=\"has-text-align-right\">Utbildning<\/h2>\n\n\n\n<p class=\"has-text-align-right\">F\u00f6r att ta till sig ny kunskap r\u00e4cker det inte med att se och lyssna. I v\u00e5ra utbildningar blandas f\u00f6rel\u00e4sningar med \u00f6vningar och massor av diskussion och reflektion.<\/p>\n<\/div>\n\n\n\n<div class=\"wp-block-column is-vertically-aligned-center\">\n<div style=\"height:50px\" aria-hidden=\"true\" class=\"wp-block-spacer\"><\/div>\n\n\n\n<figure class=\"wp-block-image size-large is-style-default\"><a href=\"http:\/\/trekab.se\/wp-content\/uploads\/2021\/02\/pexels-julia-m-cameron-4144923-scaled.jpg\"><img loading=\"lazy\" width=\"1024\" height=\"1024\" src=\"http:\/\/trekab.se\/wp-content\/uploads\/2021\/02\/pexels-julia-m-cameron-4144923-1024x1024.jpg\" alt=\"\" class=\"wp-image-900\" srcset=\"http:\/\/trekab.se\/wp-content\/uploads\/2021\/02\/pexels-julia-m-cameron-4144923-1024x1024.jpg 1024w, http:\/\/trekab.se\/wp-content\/uploads\/2021\/02\/pexels-julia-m-cameron-4144923-300x300.jpg 300w, http:\/\/trekab.se\/wp-content\/uploads\/2021\/02\/pexels-julia-m-cameron-4144923-150x150.jpg 150w, http:\/\/trekab.se\/wp-content\/uploads\/2021\/02\/pexels-julia-m-cameron-4144923-768x768.jpg 768w, http:\/\/trekab.se\/wp-content\/uploads\/2021\/02\/pexels-julia-m-cameron-4144923-1536x1536.jpg 1536w, http:\/\/trekab.se\/wp-content\/uploads\/2021\/02\/pexels-julia-m-cameron-4144923-2048x2048.jpg 2048w\" sizes=\"(max-width: 1024px) 100vw, 1024px\" \/><\/a><\/figure>\n\n\n\n<p><\/p>\n<\/div>\n<\/div>\n\n\n\n<div style=\"height:30px\" aria-hidden=\"true\" class=\"wp-block-spacer\"><\/div>\n\n\n\n<div class=\"wp-block-cover alignfull has-nv-light-bg-background-color has-background-dim\" style=\"min-height:300px\"><div class=\"wp-block-cover__inner-container\">\n<div style=\"height:80px\" aria-hidden=\"true\" class=\"wp-block-spacer\"><\/div>\n\n\n\n<div class=\"wp-block-columns are-vertically-aligned-center\">\n<div class=\"wp-block-column is-vertically-aligned-center\">\n<figure class=\"wp-block-image size-large is-style-default\"><a href=\"http:\/\/trekab.se\/wp-content\/uploads\/2021\/02\/pexels-ivan-bertolazzi-2681319-scaled.jpg\"><img loading=\"lazy\" width=\"1024\" height=\"1024\" src=\"http:\/\/trekab.se\/wp-content\/uploads\/2021\/02\/pexels-ivan-bertolazzi-2681319-1024x1024.jpg\" alt=\"\" class=\"wp-image-901\" srcset=\"http:\/\/trekab.se\/wp-content\/uploads\/2021\/02\/pexels-ivan-bertolazzi-2681319-1024x1024.jpg 1024w, http:\/\/trekab.se\/wp-content\/uploads\/2021\/02\/pexels-ivan-bertolazzi-2681319-300x300.jpg 300w, http:\/\/trekab.se\/wp-content\/uploads\/2021\/02\/pexels-ivan-bertolazzi-2681319-150x150.jpg 150w, http:\/\/trekab.se\/wp-content\/uploads\/2021\/02\/pexels-ivan-bertolazzi-2681319-768x768.jpg 768w, http:\/\/trekab.se\/wp-content\/uploads\/2021\/02\/pexels-ivan-bertolazzi-2681319-1536x1536.jpg 1536w, http:\/\/trekab.se\/wp-content\/uploads\/2021\/02\/pexels-ivan-bertolazzi-2681319-2048x2048.jpg 2048w\" sizes=\"(max-width: 1024px) 100vw, 1024px\" \/><\/a><\/figure>\n\n\n\n<div style=\"height:30px\" aria-hidden=\"true\" class=\"wp-block-spacer\"><\/div>\n\n\n\n<p><\/p>\n<\/div>\n\n\n\n<div class=\"wp-block-column is-vertically-aligned-center\">\n<h2 class=\"has-text-align-left has-neve-link-color-color has-text-color\">F\u00f6r\u00e4ndringsledning<\/h2>\n\n\n\n<p class=\"has-text-align-left has-neve-link-color-color has-text-color\">En f\u00f6r\u00e4ndring har alltid ett syfte. F\u00f6r ett lyckat resultat beh\u00f6ver man f\u00f6rst\u00e5 var man b\u00f6rjar och hur det ska vara n\u00e4r man \u00e4r klar. Transparent kommunikation, lyh\u00f6rdhet och delaktighet \u00e4r n\u00e5gra av framg\u00e5ngsfaktorerna. Vi hj\u00e4lper er att f\u00f6rbereda er inf\u00f6r f\u00f6r\u00e4ndring och st\u00f6djer er i genomf\u00f6randet av f\u00f6r\u00e4ndringar.<\/p>\n\n\n\n<div style=\"height:70px\" aria-hidden=\"true\" class=\"wp-block-spacer\"><\/div>\n<\/div>\n<\/div>\n\n\n\n<div style=\"height:10px\" aria-hidden=\"true\" class=\"wp-block-spacer\"><\/div>\n<\/div><\/div>\n\n\n\n<div class=\"wp-block-cover alignfull has-nv-site-bg-background-color has-background-dim\" style=\"min-height:300px\"><div class=\"wp-block-cover__inner-container\">\n<div class=\"wp-block-columns are-vertically-aligned-center\">\n<div class=\"wp-block-column is-vertically-aligned-center\">\n<div style=\"height:71px\" aria-hidden=\"true\" class=\"wp-block-spacer\"><\/div>\n\n\n\n<h2 class=\"has-text-align-right has-neve-link-color-color has-text-color\">Ledarskapsutveckling<\/h2>\n\n\n\n<p class=\"has-text-align-right has-neve-link-color-color has-text-color\">En ledare \u00e4r en f\u00f6rebild oavsett man vill eller inte. F\u00f6r att vara en bra ledare beh\u00f6ver man k\u00e4nna sig sj\u00e4lv, man beh\u00f6ver leva f\u00f6retagshetskulturen och man beh\u00f6ver vara bra p\u00e5 att kommunicera. Vi kan hj\u00e4lpa er med att utveckla det individuella, ledarskapet, utveckla ledningsgrupper eller utveckla arbetsgrupper.<\/p>\n<\/div>\n\n\n\n<div class=\"wp-block-column is-vertically-aligned-center\">\n<div style=\"height:70px\" aria-hidden=\"true\" class=\"wp-block-spacer\"><\/div>\n\n\n\n<figure class=\"wp-block-image size-large is-style-default\"><a href=\"http:\/\/trekab.se\/wp-content\/uploads\/2022\/01\/201505_Projektgrupp-WI-5.jpg\"><img loading=\"lazy\" width=\"1000\" height=\"1000\" src=\"http:\/\/trekab.se\/wp-content\/uploads\/2022\/01\/201505_Projektgrupp-WI-5.jpg\" alt=\"\" class=\"wp-image-1282\" srcset=\"http:\/\/trekab.se\/wp-content\/uploads\/2022\/01\/201505_Projektgrupp-WI-5.jpg 1000w, http:\/\/trekab.se\/wp-content\/uploads\/2022\/01\/201505_Projektgrupp-WI-5-300x300.jpg 300w, http:\/\/trekab.se\/wp-content\/uploads\/2022\/01\/201505_Projektgrupp-WI-5-150x150.jpg 150w, http:\/\/trekab.se\/wp-content\/uploads\/2022\/01\/201505_Projektgrupp-WI-5-768x768.jpg 768w\" sizes=\"(max-width: 1000px) 100vw, 1000px\" \/><\/a><\/figure>\n\n\n\n<div style=\"height:30px\" aria-hidden=\"true\" class=\"wp-block-spacer\"><\/div>\n<\/div>\n<\/div>\n<\/div><\/div>\n\n\n\n<div class=\"wp-block-cover alignfull has-nv-dark-bg-background-color has-background-dim\" style=\"min-height:300px\"><div class=\"wp-block-cover__inner-container\">\n<div style=\"height:140px\" aria-hidden=\"true\" class=\"wp-block-spacer\"><\/div>\n\n\n\n<h2 class=\"has-text-align-center has-nv-text-dark-bg-color has-text-color\">Jag diskuterar g\u00e4rna&nbsp;dina utmaningar och m\u00f6jligheter!<\/h2>\n\n\n\n<p class=\"has-text-align-center has-medium-font-size\">H\u00f6r av dig s\u00e5 ber\u00e4ttar vi mer om vad vi kan hj\u00e4lpa er med.<\/p>\n\n\n\n<div style=\"height:30px\" aria-hidden=\"true\" class=\"wp-block-spacer\"><\/div>\n\n\n\n<div class=\"wp-block-columns\">\n<div class=\"wp-block-column\"><\/div>\n<\/div>\n\n\n\n<div style=\"height:30px\" aria-hidden=\"true\" class=\"wp-block-spacer\"><\/div>\n\n\n\n<div class=\"wp-block-columns\">\n<div class=\"wp-block-column\">\n<div class=\"wp-block-image is-style-rounded\"><figure class=\"aligncenter size-large is-resized\"><a href=\"http:\/\/trekab.se\/wp-content\/uploads\/2021\/03\/8H9A6645-2.jpg\"><img loading=\"lazy\" src=\"http:\/\/trekab.se\/wp-content\/uploads\/2021\/03\/8H9A6645-2.jpg\" alt=\"\" class=\"wp-image-1216\" width=\"282\" height=\"281\" srcset=\"http:\/\/trekab.se\/wp-content\/uploads\/2021\/03\/8H9A6645-2.jpg 1000w, http:\/\/trekab.se\/wp-content\/uploads\/2021\/03\/8H9A6645-2-300x300.jpg 300w, http:\/\/trekab.se\/wp-content\/uploads\/2021\/03\/8H9A6645-2-150x150.jpg 150w, http:\/\/trekab.se\/wp-content\/uploads\/2021\/03\/8H9A6645-2-768x768.jpg 768w\" sizes=\"(max-width: 282px) 100vw, 282px\" \/><\/a><figcaption><span class=\"has-inline-color has-nv-site-bg-color\"><strong>Karin Dahlgren<\/strong><br><br>Jag ser fram emot att f\u00e5 h\u00f6ra fr\u00e5n dig,<\/span> <span class=\"has-inline-color has-nv-site-bg-color\">skicka ett mail s\u00e5 svarar jag s\u00e5 fort jag kan.<br><br>Vi h\u00f6rs! &#x1f44b;<\/span><\/figcaption><\/figure><\/div>\n<\/div>\n<\/div>\n\n\n\n<p><\/p>\n<\/div><\/div>\n\n\n\n<div class=\"wp-block-cover alignfull has-nv-text-dark-bg-background-color has-background-dim\" style=\"min-height:300px\"><div class=\"wp-block-cover__inner-container\">\n<div style=\"height:60px\" aria-hidden=\"true\" class=\"wp-block-spacer\"><\/div>\n\n\n\n<div class=\"wp-block-columns\">\n<div class=\"wp-block-column\">\n<div style=\"height:5px\" aria-hidden=\"true\" class=\"wp-block-spacer\"><\/div>\n\n\n\n<div class=\"wp-block-columns\">\n<div class=\"wp-block-column\">\n<hr class=\"wp-block-separator has-text-color has-background has-neve-link-hover-color-background-color has-neve-link-hover-color-color is-style-default\"\/>\n\n\n\n<h3 class=\"has-text-align-center has-neve-link-hover-color-color has-text-color\" id=\"block-b06e7fc0-af49-4937-a12f-6f213b49ea82\"><i class=\"wp-svg-phone phone\"><\/i><\/h3>\n\n\n\n<h3 class=\"has-text-align-center has-neve-link-color-color has-text-color\">Telefon<\/h3>\n\n\n\n<p class=\"has-text-align-center has-neve-link-color-color has-text-color\">0730-56 04 21<\/p>\n<\/div>\n\n\n\n<div class=\"wp-block-column\">\n<hr class=\"wp-block-separator has-text-color has-background has-neve-link-hover-color-background-color has-neve-link-hover-color-color is-style-default\"\/>\n\n\n\n<h3 class=\"has-text-align-center has-neve-link-hover-color-color has-text-color\" id=\"block-e9bae907-3fe9-4021-afd4-e94ef6599897\"><i class=\"wp-svg-envelop envelop\"><\/i><\/h3>\n\n\n\n<h3 class=\"has-text-align-center has-neve-link-color-color has-text-color\">Mail<\/h3>\n\n\n\n<p class=\"has-text-align-center has-neve-link-color-color has-text-color\"><a href=\"mailto:karin.dahlgren@trekconsulting.se\">karin.dahlgren@trekconsulting.se<\/a><\/p>\n<\/div>\n\n\n\n<div class=\"wp-block-column\">\n<hr class=\"wp-block-separator has-text-color has-background has-neve-link-hover-color-background-color has-neve-link-hover-color-color is-style-default\"\/>\n\n\n\n<h3 class=\"has-text-align-center has-neve-link-hover-color-color has-text-color\" id=\"block-7fe350fa-593d-4568-996d-49234188f52b\"><i class=\"wp-svg-location location\"><\/i><\/h3>\n\n\n\n<h3 class=\"has-text-align-center has-neve-link-color-color has-text-color\">Kontor<\/h3>\n\n\n\n<p class=\"has-text-align-center has-neve-link-color-color has-text-color\">Birger Svenssons v\u00e4g 16F<br>Varberg<\/p>\n<\/div>\n<\/div>\n<\/div>\n<\/div>\n\n\n\n<p><\/p>\n<\/div><\/div>\n\n\n\n<p><\/p>\n","protected":false},"excerpt":{"rendered":"<p>Utbildning F\u00f6r att ta till sig ny kunskap r\u00e4cker det inte med att se och lyssna. I v\u00e5ra utbildningar blandas f\u00f6rel\u00e4sningar med \u00f6vningar och massor av diskussion och reflektion.<\/p>\n","protected":false},"author":6,"featured_media":0,"parent":0,"menu_order":0,"comment_status":"closed","ping_status":"closed","template":"","meta":{"neve_meta_sidebar":"default","neve_meta_container":"default","neve_meta_enable_content_width":"on","neve_meta_content_width":100,"neve_meta_title_alignment":"left","neve_meta_author_avatar":"","neve_post_elements_order":"","neve_meta_disable_header":"","neve_meta_disable_footer":"","neve_meta_disable_title":"on","_ti_tpc_template_sync":false,"_ti_tpc_template_id":"cwhkd9lki581rusuhjti"},"_links":{"self":[{"href":"http:\/\/trekab.se\/index.php\/wp-json\/wp\/v2\/pages\/5"}],"collection":[{"href":"http:\/\/trekab.se\/index.php\/wp-json\/wp\/v2\/pages"}],"about":[{"href":"http:\/\/trekab.se\/index.php\/wp-json\/wp\/v2\/types\/page"}],"author":[{"embeddable":true,"href":"http:\/\/trekab.se\/index.php\/wp-json\/wp\/v2\/users\/6"}],"replies":[{"embeddable":true,"href":"http:\/\/trekab.se\/index.php\/wp-json\/wp\/v2\/comments?post=5"}],"version-history":[{"count":110,"href":"http:\/\/trekab.se\/index.php\/wp-json\/wp\/v2\/pages\/5\/revisions"}],"predecessor-version":[{"id":1287,"href":"http:\/\/trekab.se\/index.php\/wp-json\/wp\/v2\/pages\/5\/revisions\/1287"}],"wp:attachment":[{"href":"http:\/\/trekab.se\/index.php\/wp-json\/wp\/v2\/media?parent=5"}],"curies":[{"name":"wp","href":"https:\/\/api.w.org\/{rel}","templated":true}]}}